 prime factors of o?
11, 37
Let b(t) = 2*t**3 - 7*t**2 - 32. Let m be b(6). Suppose m*c - 145*c = 636. What are the prime factors of c?
2, 53
Let m = -5166 + 7575. Suppose 3*k + 0*k - m = 3*i, -5*i = -k + 783. What are the prime factors of k?
2, 101
Let k(y) = 5*y - 3. Suppose 6*x + 9 = i + 3*x, -4*x + 4 = 0. Suppose 2*q - 2 = i. List the prime factors of k(q).
2
Let r = -412 - -630. Let n(m) = -m**3 - 13*m**2 - 38*m - 135. Let d be n(-8). Let q = d + r. What are the prime factors of q?
67
Suppose -13*t = -45238 + 9722. What are the prime factors of t?
2, 683
Suppose -563243 = 205*q - 1236596 - 1074887. What are the prime factors of q?
2, 13, 41
Suppose -97862 = 2*w - 7*w + 2*z, 0 = -3*w - 3*z + 58713. What are the prime factors of w?
2, 3, 7, 233
Let m(n) = n**2 + 21*n - 26. Let y be m(-22). What are the prime factors of y/(-10) - (-1 - (-1192)/(-20))?
61
Let z(h) = 4*h**3 + 14*h**2 + 16*h + 25. Let l(r) = -6*r**3 - 27*r**2 - 32*r - 48. Let f(j) = 3*l(j) + 5*z(j). What are the prime factors of f(8)?
173
Let p = -151 + 153. Suppose v + p - 7 = 0, s = -4*v + 194. What are the prime factors of s?
2, 3, 29
Let c = -79 + -82. Let x = -295 - c. Let y = x + 229. What are the prime factors of y?
5, 19
Suppose 928*c - 1153360 = 848*c. What are the prime factors of c?
13, 1109
Let t be 105/40 + (-3)/(-8). Suppose 3*k = 3*z - 42, t*k - 8*z + 32 = -3*z. List the prime factors of (-306)/k - 10/95.
2
Let g be (4/10)/((-1)/(-415)). Let z(k) = -44*k + 2361. Let d be z(54). Let l = g + d. List the prime factors of l.
151
Let d(q) = 7*q**2 + 92*q - 2230. List the prime factors of d(27).
11, 487
Let f = -64 + 66. Suppose c + 4*c - 141 = -f*k, 4*c - 2*k = 102. List the prime factors of c.
3
Let n(k) = 3 + k**3 - 23*k**2 + 3*k**2 + 3 - 2*k**2 + 21*k. Let p be n(21). Suppose p*a - 38 = 4. What are the prime factors of a?
7
Let k(g) = -26*g**2 + 4. Let a = 11 - 8. Let w be k(a). Let r = -34 - w. List the prime factors of r.
2, 7
Let p(m) = -28*m - 126. Suppose 47 = -5*z - 4*j, -9*z + 3*j + 2 = -8*z. What are the prime factors of p(z)?
2, 5, 7
Let n = 16432 - 8679. List the prime factors of n.
7753
List the prime factors of 644/966*(-332)/(-10)*-111*-5.
2, 37, 83
Suppose 2*a - 2436 = -4*d, -5*a - 18*d + 6050 = -16*d. Suppose -12*m + 9*m - 3*t = -732, -a = -5*m + t. List the prime factors of m.
2, 11
Suppose 3*r - 5*s - 45 + 10 = 0, -r - 15 = 5*s. Suppose 3*z - 630 = 3*y, r*z + 5*y = 646 + 424. List the prime factors of z.
2, 53
Let j(h) = 25*h - 67. Let g(w) = -6*w + 17. Let b(k) = -9*g(k) - 2*j(k). Let a be b(6). Suppose -a = -5*o, n + 0*n = 2*o + 96. What are the prime factors of n?
2, 7
Suppose -4*q + 18 = 6. Let m = 789 - 808. List the prime factors of 1/q*(m + 244).
3, 5
List the prime factors of (318/12)/(9/630).
5, 7, 53
Suppose 5*n + y = 3*y - 2602, 1039 = -2*n - y. Let j = 557 - n. What are the prime factors of j?
3, 359
Suppose -2*u = -8 + 4. Let d be -3*((-4)/3 + u). List the prime factors of (d/4)/(2/(-100)).
5
Let x(t) = 5*t**3 + 4*t**2 + 34*t - 226. List the prime factors of x(15).
18059
Let v be 1/(5/20*-2)*2562. What are the prime factors of 15/25 + v/(-35)?
3, 7
Let r = -80 + 83. Suppose 4*t + 399 = n, r*n - 2*t - 103 = 1084. What are the prime factors of n?
5, 79
Suppose -112*c + 111*c = f - 3933, c - 2*f = 3912. What are the prime factors of c?
2, 13, 151
Let y(s) = -234*s + 598. What are the prime factors of y(-5)?
2, 13, 17
Let a(w) = 6*w**3 + 36*w**2 + 17*w + 19. List the prime factors of a(8).
5531
Suppose -41*x = -48*x + 2534. Let n = x - -66. What are the prime factors of n?
2, 107
What are the prime factors of (-2008)/(-6)*(154178/3048 + 1/(-3))?
67, 251
Let q(h) = -6*h**2 - 2*h + 688. Let c(s) = s**3 + 26*s**2 + 26*s + 25. Let i be c(-25). List the prime factors of q(i).
2, 43
Suppose -400 = -48*x - 16. Suppose x*d - 2782 = 962. What are the prime factors of d?
2, 3, 13
What are the prime factors of -1819196*(-13)/364 - -3*(-4)/42?
3, 7219
Let h(f) be the second derivative of 577*f**3/6 + 102*f + 1. What are the prime factors of h(1)?
577
Let i(f) = -2*f**3 - 17*f**2 - 3*f - 8. Let l be 3 + 32/(-12)*24. Let s = l - -52. List the prime factors of i(s).
2, 5
Let m be (-108)/(6 - 100/15). Let i = 958 - m. List the prime factors of i.
2, 199
What are the prime factors of ((-4560)/9)/((-5)/420*8)?
2, 5, 7, 19
Suppose 22866 + 7478 = k + 2*b, 0 = k + 4*b - 30342. List the prime factors of k.
2, 15173
Suppose 6*c + 2 = 7*c. Let v be 1/1*0/c + 2. Let l(s) = 87*s - 10. What are the prime factors of l(v)?
2, 41
List the prime factors of (-12 - -25579) + 13 + 15.
5, 5119
Suppose -10*s = 44 - 164. Suppose 0*q + 5628 = s*q. What are the prime factors of q?
7, 67
Suppose -5 + 29 = 8*i. Let w(j) be the third derivative of 25*j**4/24 + 3*j**3/2 + 3*j**2. What are the prime factors of w(i)?
2, 3, 7
Suppose -a - 1619 = -2*v, 13*v + 3*v + 4*a - 12916 = 0. What are the prime factors of v?
2, 101
Suppose 4*m - 32 = 0, m - 34621 = 2*a - 126201. List the prime factors of a.
2, 7, 3271
Suppose 81*o - 656633 = 695257. What are the prime factors of o?
2, 5, 1669
Let m = 9857 - -9269. List the prime factors of m.
2, 73, 131
Let x(u) = 78*u + 1491. Let r be x(-19). Let n(l) = -2*l + 2*l + 6*l - 2. List the prime factors of n(r).
2, 13
Suppose 2*h - 2*n + 4 = 0, -5*n - 5 = -6*h + 4*h. Let l be 1 + (h/5)/(-1). Suppose -17 = l*y - 35. What are the prime factors of y?
3
Suppose s - 64 + 19 = 0. Let d = s + -42. Suppose 6*a = d*a + 285. List the prime factors of a.
5, 19
Suppose 0 = 2*p + 7 - 3, -r + 1148 = 2*p. List the prime factors of r + 1 - (-19 - -19).
1153
Suppose -26*c = -76 + 24. What are the prime factors of 1/c + (-5 - (-18490)/20)?
2, 5, 23
Suppose -4*p = 2*j - 182, -3*j - 2*p = 3*p - 271. Let a be (-19)/3 - 58/j. What are the prime factors of (a/(-4))/(2/(-1344)*-6)?
2, 7
Suppose 2*a + 2*y + 4500 = 37028, 4*a + 3*y - 65055 = 0. What are the prime factors of a?
3, 13, 139
Suppose 6*i - 11*i + 15 = 0. Suppose -i*h = 0, 4*w = -h + 1407 - 267. List the prime factors of w.
3, 5, 19
Suppose 5*k - 10*k = -1475. Suppose 291*n + 404 = k*n. What are the prime factors of n?
101
Let w = 22853 + 10104. What are the prime factors of w?
32957
Let z be (-2)/(-1) + -6 - (14 - 26). What are the prime factors of (5 + (z - -522))*(-2)/(-2)?
5, 107
Suppose -u + 437 = k, -2*k + 601 = u + 168. Let y be (-338)/(-8) + (-4)/80*5. Suppose 5*m - 989 = q, -3*q + u = 2*m + y. What are the prime factors of m?
2, 3, 11
Let r = -69 - -77. List the prime factors of 52 + (-13)/104 + (-39)/r.
47
Suppose 0 = -3*n - 3*u + 988 - 178, 2*n + u - 546 = 0. What are the prime factors of n?
2, 3, 23
What are the prime factors of -8 + -9 + 4 + 59116 + -4?
113, 523
Let v(t) = -3*t**3 + 142*t**2 + 41*t + 115. What are the prime factors of v(47)?
3, 13, 109
Let r(m) = 2*m**2 - 7*m + 27. Let s be r(4). Suppose -1389 = -3*c + 3*i, -c + 506 = -4*i + s. List the prime factors of c.
3, 17
Let b be (-36)/(-10)*65/39. Suppose 4*s + 4*x = 672, -3*x - 671 = -4*s - b*x. Let z = -88 + s. What are the prime factors of z?
79
Let r be (-3)/(-12) - (-55)/20. Suppose 4*a + 2*y - 710 = 0, -4*y + y + r = 0. Suppose -3*x + x - 295 = -5*s, 5*x + a = 3*s. List the prime factors of s.
59
Let h = -2585 - -1153. Let m = -887 - h. List the prime factors of m.
5, 109
Let l = -154 + 238. Let k be ((-1)/(-2))/(9 + (-762)/l). What are the prime factors of 98 - (-2 + 6 + k)?
101
Let x(i) = -659*i**3 - 3*i**2 - 20*i - 39. What are the prime factors of x(-3)?
3, 7, 11
Let b be 4/(-5) - (-361)/95. Suppose -4*c + 179 = 6*o - b*o, -5*o = 4*c - 301. List the prime factors of o.
61
Let v(i) = -28*i**3 - 21*i**2 - 14*i - 50. Let b be v(-10). Suppose 44*o = 19726 + b. What are the prime factors of o?
1039
Let o(s) = s**2 - 11*s + 30. Let a be o(0). Let q(f) = f**3 - 28*f**2 - 23*f + 12. What are the prime factors of q(a)?
2, 3, 11, 17
Suppose t - 180*t = 120*t - 5232500. List the prime factors of t.
2, 5, 7
Let u be (-2)/(-6) + 1/6*-218. Let p = u - -41. Suppose -2*y - y + 681 = p*s, 141 = s - y. List the prime factors of s.
2, 3, 23
Let c be ((-9)/(-2))/(2/8). Suppose -2*r = r - c. List the prime factors of ((4 - 9) + r)/(1/199).
199
Let v = 303 - 366. List the prime factors of 707/21*(v/(-3))/1.
7, 101
Suppose -60 - 202 = -3*z + 5*j, 5*z -